{"id":55,"date":"2021-03-02T09:44:44","date_gmt":"2021-03-02T08:44:44","guid":{"rendered":"https:\/\/pruebas.sierracar.es\/?page_id=55"},"modified":"2021-03-08T17:06:18","modified_gmt":"2021-03-08T16:06:18","slug":"como-funciona","status":"publish","type":"page","link":"https:\/\/pruebas.sierracar.es\/?page_id=55","title":{"rendered":"C\u00f3mo funciona"},"content":{"rendered":"[vc_row type=\u00bbin_container\u00bb full_screen_row_position=\u00bbmiddle\u00bb column_margin=\u00bbdefault\u00bb column_direction=\u00bbdefault\u00bb column_direction_tablet=\u00bbdefault\u00bb column_direction_phone=\u00bbdefault\u00bb scene_position=\u00bbcenter\u00bb text_color=\u00bbdark\u00bb text_align=\u00bbleft\u00bb row_border_radius=\u00bbnone\u00bb row_border_radius_applies=\u00bbbg\u00bb overlay_strength=\u00bb0.3&#8243; gradient_direction=\u00bbleft_to_right\u00bb shape_divider_position=\u00bbbottom\u00bb bg_image_animation=\u00bbnone\u00bb][vc_column column_padding=\u00bbno-extra-padding\u00bb column_padding_tablet=\u00bbinherit\u00bb column_padding_phone=\u00bbinherit\u00bb column_padding_position=\u00bball\u00bb background_color_opacity=\u00bb1&#8243; background_hover_color_opacity=\u00bb1&#8243; column_shadow=\u00bbnone\u00bb column_border_radius=\u00bbnone\u00bb column_link_target=\u00bb_self\u00bb gradient_direction=\u00bbleft_to_right\u00bb overlay_strength=\u00bb0.3&#8243; width=\u00bb1\/1&#8243; tablet_width_inherit=\u00bbdefault\u00bb tablet_text_alignment=\u00bbdefault\u00bb phone_text_alignment=\u00bbdefault\u00bb column_border_width=\u00bbnone\u00bb column_border_style=\u00bbsolid\u00bb bg_image_animation=\u00bbnone\u00bb][divider line_type=\u00bbNo Line\u00bb custom_height=\u00bb40&#8243;][image_with_animation image_url=\u00bb10&#8243; animation=\u00bbFade In\u00bb hover_animation=\u00bbnone\u00bb alignment=\u00bbcenter\u00bb border_radius=\u00bbnone\u00bb box_shadow=\u00bbnone\u00bb image_loading=\u00bbdefault\u00bb max_width=\u00bb100%\u00bb max_width_mobile=\u00bbdefault\u00bb][image_with_animation image_url=\u00bb113&#8243; animation=\u00bbFade In\u00bb hover_animation=\u00bbnone\u00bb alignment=\u00bbcenter\u00bb border_radius=\u00bbnone\u00bb box_shadow=\u00bbnone\u00bb image_loading=\u00bbdefault\u00bb max_width=\u00bb100%\u00bb max_width_mobile=\u00bbdefault\u00bb el_class=\u00bbimgHeader\u00bb][divider line_type=\u00bbNo Line\u00bb custom_height=\u00bb50&#8243;][vc_column_text]\n<h4 style=\"text-align: center;\">1. \u00bfEn qu\u00e9 consiste?<\/h4>\n<p style=\"text-align: center;\">SierraCar es un proyecto piloto de movilidad de la Mancomunidad Valle Norte y de la Comunidad de Madrid con el que el usuario podr\u00e1 moverse por los municipios de la Sierra Norte de Madrid, mediante el servicio de Taxi compartido.<\/p>\n<h4 style=\"text-align: center;\">2. \u00bfQui\u00e9n puede hacer uso de este servicio?<\/h4>\n<p style=\"text-align: center;\">Todas las personas que cumplan con los siguientes requisitos:<\/p>\n<p style=\"text-align: center;\">1. Estar empadronado en uno de los municipios de la APC. En este caso podr\u00e1s solicitar el servicio o bien unirse a uno iniciado. Si no est\u00e1s empadronado no podr\u00e1s solicitar un trayecto, pero si unirte a uno ya iniciado.<\/p>\n<p style=\"text-align: center;\">2. Mantener dicho empadronamiento durante el acceso y utilizaci\u00f3n del servicio.<\/p>\n<p style=\"text-align: center;\">3. Estar en posesi\u00f3n de la Tarjeta de Transporte P\u00fablico Personal del Consorcio Regional de Transportes de la Comunidad de Madrid.<\/p>\n<p class=\"lessFont\" style=\"text-align: center;\">Las personas menores de 12 a\u00f1os deber\u00e1n ir acompa\u00f1adas en todo momento por una persona que se responsabilice de su seguridad.<\/p>\n<p class=\"lessFont\" style=\"text-align: center;\">Una persona adulta podr\u00e1 acompa\u00f1ar, como m\u00e1ximo, a tres menores de 12 a\u00f1os.<\/p>\n<p class=\"lessFont\" style=\"text-align: center;\">Se considerar\u00e1 que las personas menores con edad, comprendida entre los 12 y los 18 a\u00f1os, que accedan al veh\u00edculo sin la compa\u00f1\u00eda de una persona mayor de edad que se responsabilice de su seguridad, deber\u00e1n presentar autorizaci\u00f3n expedida por su madre, padre, o tutor a todos los efectos y, por lo tanto, viajar\u00e1n bajo la responsabilidad de estos.<\/p>\n<h4 style=\"text-align: center;\">3. \u00bfQu\u00e9 municipios son los que dan servicio?<\/h4>\n<p style=\"text-align: center;\">\u00a0Actualmente los municipios que forman parte de la APC Sierra Norte.<br \/>\nMunicipios que se han ordenado en 5 l\u00edneas buscando la eficacia y la ordenaci\u00f3n de los desplazamientos, aunque implique para ello realizar alg\u00fan trasbordo o necesidad de m\u00e1s de un viaje para algunos recorridos en caso de querer desplazamiento entre municipios extremos. Para ello se ha establecido un m\u00e1ximo de recorrido de 40 km en un mismo servicio.<\/p>\n<p style=\"text-align: center;\">Se tiene el objetivo de llegar a todos los municipios del mapa (L1, L2, L3, L4, L5, L6, L7)<\/p>\n<h4 style=\"text-align: center;\">4. \u00bfDe qu\u00e9 hora a que hora se puede usar el servicio?<\/h4>\n<p style=\"text-align: center;\">El servicio est\u00e1 disponible de <strong>6:00h. a 00:00h<\/strong>.<br \/>\nde lunes a domingo incluido festivos,<br \/>\nlos 365 d\u00edas del a\u00f1o.<\/p>\n<h4 style=\"text-align: center;\">5. \u00bfCu\u00e1nto cuesta el servicio?<\/h4>\n<p style=\"text-align: center;\">El coste del servicio es de <strong>4\u20ac por persona y trayecto<\/strong>.<br \/>\nEntendiendo la IDA como un trayecto y la VUELTA como otro.<\/p>\n<h4 style=\"text-align: center;\">6. \u00bfC\u00f3mo puede el usuario solicitar el servicio?<\/h4>\n<p style=\"text-align: center;\">Descarg\u00e1ndose la <strong>App SierraCar<\/strong> en su m\u00f3vil (Android o IOS)<br \/>\no bien llamando al tel\u00e9fono <span style=\"color: #000000;\"><a style=\"color: #000000;\" href=\"tel:+34916258325\" target=\"_blank\" rel=\"noopener\"><strong>916 25 83 25<\/strong><\/a><\/span><\/p>\n<h4 style=\"text-align: center;\">7. \u00bfCu\u00e1ndo tiene el usuario que solicitar el servicio?<\/h4>\n<p style=\"text-align: center;\">Para garantizar el servicio lo tiene que solicitar al menos el d\u00eda anterior hasta las 20.00 h.<br \/>\nUna vez establecidos los servicios, podr\u00e1 en su caso, unirse a cualquiera de ellos que tenga plazas disponibles hasta media hora antes de que se produzca el mismo.<\/p>\n<h4 style=\"text-align: center;\">8. \u00bfQu\u00e9 l\u00edmites tiene este servicio?<\/h4>\n<p style=\"text-align: center;\">Con el bien de dar el mejor servicio a todos los vecinos, cada usuario tendr\u00e1 un n\u00famero limitado de viajes limitados a 10 viajes al mes.<br \/>\nCon un m\u00e1ximo de 40 km recorridos por trayecto.<\/p>\n<h4 style=\"text-align: center;\">9. \u00bfCu\u00e1les son las condiciones especiales para obtener 20 viajes al mes?<\/h4>\n<p style=\"text-align: center;\">Usuarios de la Tarifa Joven del CRTM (hasta los 26 a\u00f1os)<br \/>\nUsuarios del Abono Transportes para la tercera Edad (a partir de los 65 a\u00f1os)<br \/>\nUsuarios con una discapacidad igual o superior al 65%<br \/>\nFamilias numerosas de categor\u00eda General o Especial<br \/>\nBeneficiarios del Programa de Activaci\u00f3n para el Empleo<\/p>\n<h4 style=\"text-align: center;\">10. \u00bfC\u00f3mo se paga?<\/h4>\n<p style=\"text-align: center;\">Directamente al taxista.<br \/>\nM\u00e1s adelante activaremos el monedero virtual.<br \/>\nCada vez que se solicite un servicio se descontar\u00e1 4 euros por trayecto solicitado, con la posibilidad de poder recargar mediante el pago con tarjeta bancaria.<\/p>\n<h4 style=\"text-align: center;\">11. \u00bfSe puede anular un servicio?<\/h4>\n<p style=\"text-align: center;\">Si, tanto desde la App, como desde el tel\u00e9fono 916 25 83 25, o bien en su caso, por WhatsApp al telf. de emergencia 640 74 63 79.<\/p>\n<p style=\"text-align: center;\">Si lo hace el d\u00eda de antes ser\u00e1 sin cargo alguno.<br \/>\nSi es en el mismo d\u00eda de la prestaci\u00f3n del servicio se le cargar\u00e1n los 4 euros a su monedero (salvo causas justificadas).<\/p>\n<p style=\"text-align: center;\">Si no se anula el viaje, y el taxista se presenta al lugar de recogida se le cobrar\u00e1 4 \u20ac de trayecto + 4 \u20ac de penalizaci\u00f3n.<\/p>\n[\/vc_column_text][divider line_type=\u00bbNo Line\u00bb custom_height=\u00bb40&#8243;][\/vc_column][\/vc_row][vc_row type=\u00bbfull_width_background\u00bb full_screen_row_position=\u00bbmiddle\u00bb column_margin=\u00bbdefault\u00bb column_direction=\u00bbdefault\u00bb column_direction_tablet=\u00bbdefault\u00bb column_direction_phone=\u00bbdefault\u00bb bg_color=\u00bb#df2520&#8243; scene_position=\u00bbcenter\u00bb text_color=\u00bbdark\u00bb text_align=\u00bbleft\u00bb row_border_radius=\u00bbnone\u00bb row_border_radius_applies=\u00bbbg\u00bb overlay_strength=\u00bb0.3&#8243; gradient_direction=\u00bbleft_to_right\u00bb shape_divider_position=\u00bbbottom\u00bb bg_image_animation=\u00bbnone\u00bb shape_type=\u00bb\u00bb][vc_column column_padding=\u00bbno-extra-padding\u00bb column_padding_tablet=\u00bbinherit\u00bb column_padding_phone=\u00bbinherit\u00bb column_padding_position=\u00bball\u00bb background_color_opacity=\u00bb1&#8243; background_hover_color_opacity=\u00bb1&#8243; column_shadow=\u00bbnone\u00bb column_border_radius=\u00bbnone\u00bb column_link_target=\u00bb_self\u00bb gradient_direction=\u00bbleft_to_right\u00bb overlay_strength=\u00bb0.3&#8243; width=\u00bb1\/1&#8243; tablet_width_inherit=\u00bbdefault\u00bb tablet_text_alignment=\u00bbdefault\u00bb phone_text_alignment=\u00bbdefault\u00bb column_border_width=\u00bbnone\u00bb column_border_style=\u00bbsolid\u00bb bg_image_animation=\u00bbnone\u00bb][divider line_type=\u00bbNo Line\u00bb custom_height=\u00bb40&#8243;][vc_column_text]\n<h2 style=\"text-align: center;\"><span style=\"color: #ffffff;\">T\u00e9rminos y condiciones de uso<\/span><\/h2>\n[\/vc_column_text][vc_column_text]\n<div style=\"text-align: center; padding: 8px 15px; color: red; background-color: #fff; width: 160px; border-radius: 3px; margin: 0 auto; font-weight: bold;\"><a href=\"https:\/\/pruebas.sierracar.es\/wp-content\/uploads\/2021\/03\/TC_SierraCar.pdf\" download=\"\">Descargar<\/a><\/div>\n[\/vc_column_text][divider line_type=\u00bbNo Line\u00bb custom_height=\u00bb20&#8243;][\/vc_column][\/vc_row]\n","protected":false},"excerpt":{"rendered":"<p>[vc_row type=\u00bbin_container\u00bb full_screen_row_position=\u00bbmiddle\u00bb column_margin=\u00bbdefault\u00bb column_direction=\u00bbdefault\u00bb column_direction_tablet=\u00bbdefault\u00bb column_direction_phone=\u00bbdefault\u00bb scene_position=\u00bbcenter\u00bb text_color=\u00bbdark\u00bb text_align=\u00bbleft\u00bb row_border_radius=\u00bbnone\u00bb row_border_radius_applies=\u00bbbg\u00bb overlay_strength=\u00bb0.3&#8243; gradient_direction=\u00bbleft_to_right\u00bb shape_divider_position=\u00bbbottom\u00bb bg_image_animation=\u00bbnone\u00bb][vc_column column_padding=\u00bbno-extra-padding\u00bb column_padding_tablet=\u00bbinherit\u00bb column_padding_phone=\u00bbinherit\u00bb column_padding_position=\u00bball\u00bb background_color_opacity=\u00bb1&#8243; background_hover_color_opacity=\u00bb1&#8243; column_shadow=\u00bbnone\u00bb column_border_radius=\u00bbnone\u00bb column_link_target=\u00bb_self\u00bb gradient_direction=\u00bbleft_to_right\u00bb overlay_strength=\u00bb0.3&#8243; width=\u00bb1\/1&#8243; tablet_width_inherit=\u00bbdefault\u00bb tablet_text_alignment=\u00bbdefault\u00bb&#8230;<\/p>\n","protected":false},"author":1,"featured_media":0,"parent":0,"menu_order":0,"comment_status":"closed","ping_status":"closed","template":"","meta":{"footnotes":""},"class_list":["post-55","page","type-page","status-publish"],"_links":{"self":[{"href":"https:\/\/pruebas.sierracar.es\/index.php?rest_route=\/wp\/v2\/pages\/55","targetHints":{"allow":["GET"]}}],"collection":[{"href":"https:\/\/pruebas.sierracar.es\/index.php?rest_route=\/wp\/v2\/pages"}],"about":[{"href":"https:\/\/pruebas.sierracar.es\/index.php?rest_route=\/wp\/v2\/types\/page"}],"author":[{"embeddable":true,"href":"https:\/\/pruebas.sierracar.es\/index.php?rest_route=\/wp\/v2\/users\/1"}],"replies":[{"embeddable":true,"href":"https:\/\/pruebas.sierracar.es\/index.php?rest_route=%2Fwp%2Fv2%2Fcomments&post=55"}],"version-history":[{"count":0,"href":"https:\/\/pruebas.sierracar.es\/index.php?rest_route=\/wp\/v2\/pages\/55\/revisions"}],"wp:attachment":[{"href":"https:\/\/pruebas.sierracar.es\/index.php?rest_route=%2Fwp%2Fv2%2Fmedia&parent=55"}],"curies":[{"name":"wp","href":"https:\/\/api.w.org\/{rel}","templated":true}]}}

Cómo funciona

[vc_row type=»in_container» full_screen_row_position=»middle» column_margin=»default» column_direction=»default» column_direction_tablet=»default» column_direction_phone=»default» scene_position=»center» text_color=»dark» text_align=»left» row_border_radius=»none» row_border_radius_applies=»bg» overlay_strength=»0.3&#8243; gradient_direction=»left_to_right» shape_divider_position=»bottom» bg_image_animation=»none»][vc_column column_padding=»no-extra-padding» column_padding_tablet=»inherit» column_padding_phone=»inherit» column_padding_position=»all» background_color_opacity=»1&#8243; background_hover_color_opacity=»1&#8243; column_shadow=»none» column_border_radius=»none» column_link_target=»_self» gradient_direction=»left_to_right» overlay_strength=»0.3&#8243; width=»1/1&#8243; tablet_width_inherit=»default» tablet_text_alignment=»default» phone_text_alignment=»default» column_border_width=»none» column_border_style=»solid» bg_image_animation=»none»][divider line_type=»No Line» custom_height=»40&#8243;][image_with_animation image_url=»10&#8243; animation=»Fade In» hover_animation=»none» alignment=»center» border_radius=»none» box_shadow=»none» image_loading=»default» max_width=»100%» max_width_mobile=»default»][image_with_animation image_url=»113&#8243; animation=»Fade In» hover_animation=»none» alignment=»center» border_radius=»none» box_shadow=»none» image_loading=»default» max_width=»100%» max_width_mobile=»default» el_class=»imgHeader»][divider line_type=»No Line» custom_height=»50&#8243;][vc_column_text]
<h4 style="text-align: center;">1. ¿En qué consiste?</h4>
<p style="text-align: center;">SierraCar es un proyecto piloto de movilidad de la Mancomunidad Valle Norte y de la Comunidad de Madrid con el que el usuario podrá moverse por los municipios de la Sierra Norte de Madrid, mediante el servicio de Taxi compartido.</p>
<h4 style="text-align: center;">2. ¿Quién puede hacer uso de este servicio?</h4>
<p style="text-align: center;">Todas las personas que cumplan con los siguientes requisitos:</p>
<p style="text-align: center;">1. Estar empadronado en uno de los municipios de la APC. En este caso podrás solicitar el servicio o bien unirse a uno iniciado. Si no estás empadronado no podrás solicitar un trayecto, pero si unirte a uno ya iniciado.</p>
<p style="text-align: center;">2. Mantener dicho empadronamiento durante el acceso y utilización del servicio.</p>
<p style="text-align: center;">3. Estar en posesión de la Tarjeta de Transporte Público Personal del Consorcio Regional de Transportes de la Comunidad de Madrid.</p>
<p class="lessFont" style="text-align: center;">Las personas menores de 12 años deberán ir acompañadas en todo momento por una persona que se responsabilice de su seguridad.</p>
<p class="lessFont" style="text-align: center;">Una persona adulta podrá acompañar, como máximo, a tres menores de 12 años.</p>
<p class="lessFont" style="text-align: center;">Se considerará que las personas menores con edad, comprendida entre los 12 y los 18 años, que accedan al vehículo sin la compañía de una persona mayor de edad que se responsabilice de su seguridad, deberán presentar autorización expedida por su madre, padre, o tutor a todos los efectos y, por lo tanto, viajarán bajo la responsabilidad de estos.</p>
<h4 style="text-align: center;">3. ¿Qué municipios son los que dan servicio?</h4>
<p style="text-align: center;"> Actualmente los municipios que forman parte de la APC Sierra Norte.<br />
Municipios que se han ordenado en 5 líneas buscando la eficacia y la ordenación de los desplazamientos, aunque implique para ello realizar algún trasbordo o necesidad de más de un viaje para algunos recorridos en caso de querer desplazamiento entre municipios extremos. Para ello se ha establecido un máximo de recorrido de 40 km en un mismo servicio.</p>
<p style="text-align: center;">Se tiene el objetivo de llegar a todos los municipios del mapa (L1, L2, L3, L4, L5, L6, L7)</p>
<h4 style="text-align: center;">4. ¿De qué hora a que hora se puede usar el servicio?</h4>
<p style="text-align: center;">El servicio está disponible de <strong>6:00h. a 00:00h</strong>.<br />
de lunes a domingo incluido festivos,<br />
los 365 días del año.</p>
<h4 style="text-align: center;">5. ¿Cuánto cuesta el servicio?</h4>
<p style="text-align: center;">El coste del servicio es de <strong>4€ por persona y trayecto</strong>.<br />
Entendiendo la IDA como un trayecto y la VUELTA como otro.</p>
<h4 style="text-align: center;">6. ¿Cómo puede el usuario solicitar el servicio?</h4>
<p style="text-align: center;">Descargándose la <strong>App SierraCar</strong> en su móvil (Android o IOS)<br />
o bien llamando al teléfono <span style="color: #000000;"><a style="color: #000000;" href="tel:+34916258325" target="_blank" rel="noopener"><strong>916 25 83 25</strong></a></span></p>
<h4 style="text-align: center;">7. ¿Cuándo tiene el usuario que solicitar el servicio?</h4>
<p style="text-align: center;">Para garantizar el servicio lo tiene que solicitar al menos el día anterior hasta las 20.00 h.<br />
Una vez establecidos los servicios, podrá en su caso, unirse a cualquiera de ellos que tenga plazas disponibles hasta media hora antes de que se produzca el mismo.</p>
<h4 style="text-align: center;">8. ¿Qué límites tiene este servicio?</h4>
<p style="text-align: center;">Con el bien de dar el mejor servicio a todos los vecinos, cada usuario tendrá un número limitado de viajes limitados a 10 viajes al mes.<br />
Con un máximo de 40 km recorridos por trayecto.</p>
<h4 style="text-align: center;">9. ¿Cuáles son las condiciones especiales para obtener 20 viajes al mes?</h4>
<p style="text-align: center;">Usuarios de la Tarifa Joven del CRTM (hasta los 26 años)<br />
Usuarios del Abono Transportes para la tercera Edad (a partir de los 65 años)<br />
Usuarios con una discapacidad igual o superior al 65%<br />
Familias numerosas de categoría General o Especial<br />
Beneficiarios del Programa de Activación para el Empleo</p>
<h4 style="text-align: center;">10. ¿Cómo se paga?</h4>
<p style="text-align: center;">Directamente al taxista.<br />
Más adelante activaremos el monedero virtual.<br />
Cada vez que se solicite un servicio se descontará 4 euros por trayecto solicitado, con la posibilidad de poder recargar mediante el pago con tarjeta bancaria.</p>
<h4 style="text-align: center;">11. ¿Se puede anular un servicio?</h4>
<p style="text-align: center;">Si, tanto desde la App, como desde el teléfono 916 25 83 25, o bien en su caso, por WhatsApp al telf. de emergencia 640 74 63 79.</p>
<p style="text-align: center;">Si lo hace el día de antes será sin cargo alguno.<br />
Si es en el mismo día de la prestación del servicio se le cargarán los 4 euros a su monedero (salvo causas justificadas).</p>
<p style="text-align: center;">Si no se anula el viaje, y el taxista se presenta al lugar de recogida se le cobrará 4 € de trayecto + 4 € de penalización.</p>
[/vc_column_text][divider line_type=»No Line» custom_height=»40&#8243;][/vc_column][/vc_row][vc_row type=»full_width_background» full_screen_row_position=»middle» column_margin=»default» column_direction=»default» column_direction_tablet=»default» column_direction_phone=»default» bg_color=»#df2520&#8243; scene_position=»center» text_color=»dark» text_align=»left» row_border_radius=»none» row_border_radius_applies=»bg» overlay_strength=»0.3&#8243; gradient_direction=»left_to_right» shape_divider_position=»bottom» bg_image_animation=»none» shape_type=»»][vc_column column_padding=»no-extra-padding» column_padding_tablet=»inherit» column_padding_phone=»inherit» column_padding_position=»all» background_color_opacity=»1&#8243; background_hover_color_opacity=»1&#8243; column_shadow=»none» column_border_radius=»none» column_link_target=»_self» gradient_direction=»left_to_right» overlay_strength=»0.3&#8243; width=»1/1&#8243; tablet_width_inherit=»default» tablet_text_alignment=»default» phone_text_alignment=»default» column_border_width=»none» column_border_style=»solid» bg_image_animation=»none»][divider line_type=»No Line» custom_height=»40&#8243;][vc_column_text]
<h2 style="text-align: center;"><span style="color: #ffffff;">Términos y condiciones de uso</span></h2>
[/vc_column_text][vc_column_text]
<div style="text-align: center; padding: 8px 15px; color: red; background-color: #fff; width: 160px; border-radius: 3px; margin: 0 auto; font-weight: bold;"><a href="https://pruebas.sierracar.es/wp-content/uploads/2021/03/TC_SierraCar.pdf" download="">Descargar</a></div>
[/vc_column_text][divider line_type=»No Line» custom_height=»20&#8243;][/vc_column][/vc_row]
